26669?
9
Calculate the remainder when 170879 is divided by 42419.
1203
Calculate the remainder when 2706198 is divided by 43.
36
What is the remainder when 470054 is divided by 3884?
90
Calculate the remainder when 640486 is divided by 8683.
6627
What is the remainder when 354636 is divided by 416?
204
Calculate the remainder when 19588125 is divided by 336.
333
What is the remainder when 117112 is divided by 38954?
250
Calculate the remainder when 10024642 is divided by 1670759.
88
Calculate the remainder when 8616704 is divided by 28818.
122
What is the remainder when 724197 is divided by 723705?
492
What is the remainder when 68906736 is divided by 89?
88
Calculate the remainder when 195977 is divided by 97672.
633
Calculate the remainder when 9313647 is divided by 450.
447
Calculate the remainder when 22711 is divided by 3759.
157
Calculate the remainder when 5345854 is divided by 785.
4
What is the remainder when 1184355 is divided by 12336?
99
Calculate the remainder when 1724523 is divided by 2515.
1748
Calculate the remainder when 7814527 is divided by 1562891.
72
What is the remainder when 32051807 is divided by 10683929?
20
Calculate the remainder when 640322 is divided by 26669.
266
Calculate the remainder when 4723228 is divided by 2361610.
8
Calculate the remainder when 38130201 is divided by 56.
25
Calculate the remainder when 509125 is divided by 254555.
15
Calculate the remainder when 12045703 is divided by 105.
103
What is the remainder when 17304 is divided by 16901?
403
What is the remainder when 30217603 is divided by 1888600?
3
What is the remainder when 264705 is divided by 233?
17
Calculate the remainder when 48004 is divided by 2123.
1298
Calculate the remainder when 2158009 is divided by 20542.
1099
What is the remainder when 4193 is divided by 3705?
488
Calculate the remainder when 2823036 is divided by 286.
216
What is the remainder when 40234 is divided by 19791?
652
What is the remainder when 48636096 is divided by 48636074?
22
What is the remainder when 28745464 is divided by 898295?
24
What is the remainder when 15973 is divided by 498?
37
Calculate the remainder when 121022975 is divided by 471.
467
Calculate the remainder when 542574 is divided by 8724.
1686
What is the remainder when 478523 is divided by 478504?
19
What is the remainder when 3387056 is divided by 338705?
6
What is the remainder when 493058 is divided by 122762?
2010
What is the remainder when 519091 is divided by 359?
336
What is the remainder when 37309069 is divided by 824?
821
What is the remainder when 8209039 is divided by 90209?
20
What is the remainder when 64834427 is divided by 376?
371
What is the remainder when 5868745 is divided by 1467032?
617
Calculate the remainder when 49045 is divided by 7052.
6733
What is the remainder when 12956217 is divided by 3239049?
21
Calculate the remainder when 197121 is divided by 1160.
1081
What is the remainder when 1565257 is divided by 42304?
9
What is the remainder when 212762 is divided by 1816?
290
Calculate the remainder when 2074899 is divided by 13832.
99
What is the remainder when 10002504 is divided by 5?
4
What is the remainder when 23168857 is divided by 827459?
5
What is the remainder when 42465226 is divided by 26?
24
What is the remainder when 345228 is divided by 69044?
8
Calculate the remainder when 181434 is divided by 320.
314
Calculate the remainder when 25839 is divided by 24984.
855
What is the remainder when 2082726 is divided by 1109?
24
What is the remainder when 13228361 is divided by 264567?
11
What is the remainder when 181851 is divided by 16531?
10
Calculate the remainder when 18314395 is divided by 260.
255
What is the remainder when 438122 is divided by 39824?
58
Calculate the remainder when 30672 is divided by 2345.
187
Calculate the remainder when 10461850 is divided by 54.
52
What is the remainder when 101621770 is divided by 11?
8
Calculate the remainder when 719987 is divided by 239757.
716
What is the remainder when 3747023 is divided by 1344?
1295
What is the remainder when 1588043 is divided by 273?
2
Calculate the remainder when 901540 is divided by 147.
136
What is the remainder when 194671 is divided by 611?
373
What is the remainder when 11085071 is divided by 8?
7
Calculate the remainder when 1231466 is divided by 6066.
68
Calculate the remainder when 150640564 is divided by 11.
8
Calculate the remainder when 47558 is divided by 23721.
116
What is the remainder when 939316 is divided by 1482?
1210
Calculate the remainder when 3260707 is divided by 308.
219
Calculate the remainder when 399294 is divided by 132719.
1137
What is the remainder when 31149829 is divided by 146?
145
Calculate the remainder when 2461528 is divided by 34.
30
What is the remainder when 28826346 is divided by 276?
78
Calculate the remainder when 22680 is divided by 3166.
518
Calculate the remainder when 69163 is divided by 2717.
1238
What is the remainder when 866042 is divided by 86600?
42
Calculate the remainder when 25544830 is divided by 96.
94
What is the remainder when 17770507 is divided by 28?
27
What is the remainder when 15304695 is divided by 155?
150
What is the remainder when 231218 is divided by 57777?
110
Calculate the remainder when 13472573 is divided by 66.
59
Calculate the remainder when 4774152 is divided by 44.
20
Calculate the remainder when 797668 is divided by 1139.
368
What is the remainder when 31478184 is divided by 72?
0
Calculate the remainder when 44315447 is divided by 253.
220
What is the remainder when 1839226 is divided by 1692?
22
What is the remainder when 62968417 is divided by 1227?
4
Calculate the remainder when 34955657 is divided by 102.
53
Calculate the remainder when 169153 is divided by 8051.
82
What is the remainder when 925873 is divided by 229?
26
Calculate the remainder when 66257244 is divided by 3622.
3620
Calculate the remainder when 263294 is divided by 272.
270
What is the remainder when 1683881 is divided by 280642?
29
Calculate the remainder when 47818791 is divided by 419.
416
Calculate the remainder when 2204952 is divided by 2092.
2076
What is the remainder when 379317 is divided by 6322?
6319
Calculate the remainder when 426128 is divided by 13233.
2672
Calculate the remainder when 320503 is divided by 1262.
1217
Calculate the remainder when 830171 is divided by 4689.
218
Calculate the remainder when 254984 is divided by 21012.
2840
What is the remainder when 41944265 is divided by 19?
17
What is the remainder when 531124032 is divided by 39?
36
What is the remainder when 38237837 is divided by 201?
200
What is the remainder when 3898110 is divided by 32?
30
What is the remainder when 181260 is divided by 131?
87
Calculate the remainder when 1933229 is divided by 950.
929
What is the remainder when 3177265 is divided by 298?
287
Calculate the remainder when 1685131 is divided by 265.
261
Calculate the remainder when 2907309 is divided by 142.
1
Calculate the remainder when 955157 is divided by 4422.
5
What is the remainder when 105078529 is divided by 52539264?
1
What is the remainder when 205983 is divided by 2822?
2799
Calculate the remainder when 183034 is divided by 664.
434
Calculate the remainder when 420472 is divided by 38205.
217
Calculate the remainder when 15287642 is divided by 423.
422
Calculate the remainder when 235340 is divided by 859.
833
What is the remainder when 259914 is divided by 9626?
12
What is the remainder when 91902 is divided by 188?
158
What is the remainder when 108647 is divided by 200?
47
Calculate the remainder when 50683899 is divided by 256.
251
Calculate the remainder when 10431634 is divided by 1738594.
70
What is the remainder when 91497 is divided by 43241?
5015
Calculate the remainder when 1598149 is divided by 4.
1
Calculate the remainder when 54610 is divided by 3872.
402
Calculate the remainder when 1848349 is divided by 118.
115
Calculate the remainder when 16532200 is divided by 7026.
22
Calculate the remainder when 49248338 is divided by 3498.
3494
Calculate the remainder when 21561006 is divided by 1144.
38
What is the remainder when 10610961 is divided by 35?
11
Calculate the remainder when 35095 is divided by 1638.
697
Calculate the remainder when 722280 is divided by